rue
Is 179 a factor of 8771?
True
Is 83 a factor of 9564?
False
Does 7 divide 14?
True
Does 34 divide 1499?
False
Is 8 a factor of 1920?
True
Is 281 a multiple of 2?
False
Is 177 a multiple of 10?
False
Is 440 a factor of 83600?
True
Does 10 divide 450?
True
Does 25 divide 575?
True
Does 48 divide 98878?
False
Is 56 a factor of 18231?
False
Is 2832 a multiple of 12?
True
Is 5160 a multiple of 8?
True
Is 8472 a multiple of 24?
True
Is 624 a multiple of 32?
False
Does 11 divide 34727?
True
Is 829 a multiple of 16?
False
Is 253 a factor of 4417?
False
Is 672 a multiple of 16?
True
Does 14 divide 22316?
True
Does 204 divide 26112?
True
Is 5 a factor of 5459?
False
Is 176 a multiple of 8?
True
Is 86 a factor of 789?
False
Is 28 a factor of 37128?
True
Does 60 divide 2426?
False
Is 16368 a multiple of 14?
False
Is 26962 a multiple of 7?
False
Is 1187 a multiple of 44?
False
Does 114 divide 2166?
True
Is 161 a factor of 31717?
True
Is 7 a factor of 11151?
True
Is 74 a factor of 1258?
True
Does 17 divide 55760?
True
Is 62 a factor of 806?
True
Is 676 a multiple of 37?
False
Is 180044 a multiple of 92?
True
Is 6585 a multiple of 156?
False
Does 87 divide 1894?
False
Is 7747 a multiple of 42?
False
Is 3 a factor of 237?
True
Is 470 a multiple of 61?
False
Is 3645 a multiple of 9?
True
Is 32 a factor of 3265?
False
Does 54 divide 648?
True
Is 188 a multiple of 5?
False
Does 6 divide 1896?
True
Does 6 divide 35040?
True
Is 37646 a multiple of 14?
True
Does 28 divide 25170?
False
Is 133 a factor of 4389?
True
Is 6666 a multiple of 26?
False
Is 1168 a multiple of 16?
True
Is 32 a factor of 69088?
True
Does 37 divide 565?
False
Does 91 divide 52962?
True
Is 2849 a multiple of 3?
False
Is 971 a multiple of 7?
False
Is 62 a factor of 12392?
False
Is 5637 a multiple of 2?
False
Is 12 a factor of 4286?
False
Is 108 a factor of 10044?
True
Does 4 divide 7?
False
Does 22 divide 220?
True
Is 176 a factor of 15876?
False
Does 120 divide 5975?
False
Is 7235 a multiple of 52?
False
Does 100 divide 9700?
True
Is 3 a factor of 90?
True
Is 9 a factor of 828?
True
Does 343 divide 31899?
True
Does 116 divide 5791?
False
Is 53 a factor of 8743?
False
Is 3 a factor of 3458?
False
Is 7618 a multiple of 93?
False
Is 10604 a multiple of 11?
True
Does 45 divide 4397?
False
Is 13 a factor of 13?
True
Is 3016 a multiple of 58?
True
Is 4 a factor of 3302?
False
Does 9 divide 139?
False
Does 233 divide 35164?
False
Is 266 a factor of 56204?
False
Is 41216 a multiple of 7?
True
Does 8 divide 929?
False
Is 2 a factor of 11435?
False
Is 968 a multiple of 88?
True
Is 946 a multiple of 22?
True
Is 4221 a multiple of 106?
False
Is 4 a factor of 39318?
False
Is 4 a factor of 113?
False
Is 2104 a multiple of 18?
False
Is 2 a factor of 17250?
True
Is 139 a factor of 47033?
False
Does 13 divide 54948?
False
Is 96 a factor of 51217?
False
Is 6821 a multiple of 19?
True
Does 13 divide 3107?
True
Is 1425 a multiple of 27?
False
Does 7 divide 3438?
False
Is 8 a factor of 209?
False
Is 40 a factor of 760?
True
Is 19888 a multiple of 5?
False
Does 18 divide 10059?
False
Does 5 divide 785?
True
Does 29 divide 19135?
False
Is 32 a factor of 384?
True
Does 393 divide 37728?
True
Is 19 a factor of 1582?
False
Is 58 a factor of 8955?
False
Is 10 a factor of 117520?
True
Does 11 divide 311?
False
Is 59 even?
False
Is 6878 a multiple of 32?
False
Is 261 a multiple of 28?
False
Does 135 divide 58725?
True
Does 13 divide 15609?
False
Is 117 a multiple of 39?
True
Is 2126 a multiple of 3?
False
Does 13 divide 3904?
False
Is 14091 a multiple of 231?
True
Is 21 a factor of 7774?
False
Does 14 divide 714?
True
Does 91 divide 16426?
False
Is 1034 a multiple of 73?
False
Does 33 divide 10263?
True
Is 12 a factor of 56076?
True
Is 466 a multiple of 38?
False
Does 26 divide 1274?
True
Does 6 divide 468?
True
Is 10 a factor of 735?
False
Is 13 a factor of 18122?
True
Does 16 divide 3475?
False
Is 2361 a multiple of 46?
False
Does 39 divide 1911?
True
Does 67 divide 1495?
False
Is 7139 a multiple of 11?
True
Is 32 a factor of 1728?
True
Does 9 divide 38223?
True
Does 8 divide 704?
True
Is 659 a multiple of 105?
False
Does 60 divide 41700?
True
Is 14 a factor of 868?
True
Does 13 divide 43707?
False
Does 33 divide 1386?
True
Is 12232 a multiple of 28?
False
Does 19 divide 2086?
False
Is 2 a factor of 761?
False
Is 38 a factor of 2666?
False
Does 12 divide 3948?
True
Does 2 divide 471?
False
Is 6 a factor of 23071?
False
Is 79 a factor of 2765?
True
Is 138 a factor of 37260?
True
Is 28 a factor of 2856?
True
Is 3200 a multiple of 25?
True
Does 100 divide 3776?
False
Is 119 a factor of 2618?
True
Does 10 divide 83?
False
Is 270 a multiple of 45?
True
Is 1196 a multiple of 23?
True
Does 6 divide 3377?
False
Is 346 a multiple of 54?
False
Does 2 divide 66?
True
Is 25 a factor of 727?
False
Does 8 divide 641?
False
Is 53 a factor of 4697?
False
Does 7 divide 7139?
False
Is 210 a multiple of 14?
True
Is 262 a multiple of 44?
False
Is 24 a factor of 2184?
True
Is 73 a factor of 37509?
False
Does 26 divide 485?
False
Does 4 divide 166?
False
Is 3 a factor of 60?
True
Does 66 divide 12408?
True
Does 59 divide 1298?
True
Is 4277 a multiple of 47?
True
Is 7 a factor of 2037?
True
Is 41 a factor of 4096?
False
Is 141 a factor of 2371?
False
Is 4091 a multiple of 11?
False
Is 20 a factor of 2041?
False
Does 15 divide 435?
True
Is 81 a factor of 1110?
False
Does 13 divide 29?
False
Is 11 a factor of 2101?
True
Does 22 divide 1914?
True
Does 4 divide 922?
False
Is 15 a factor of 23374?
False
Is 31 a factor of 6327?
False
Is 19065 a multiple of 31?
True
Is 472 a multiple of 118?
True
Is 11 a factor of 594?
True
Is 1600 a multiple of 8?
True
Is 3016 a multiple of 52?
True
Does 146 divide 2482?
True
Does 7 divide 46?
False
Does 24 divide 264?
True
Does 11 divide 44?
True
Is 84 a multiple of 21?
True
Is 81 a multiple of 3?
True
Is 5 a factor of 506?
False
Does 64 divide 1288?
False
Is 2709 a multiple of 7?
True
Does 13 divide 7462?
True
Does 31 divide 11966?
True
Is 1425 a multiple of 76?
False
Does 41 divide 3690?
True
Is 17162 a multiple of 19?
False
Is 4 a factor of 813?
False
Is 9 a factor of 955?
False
Does 38 divide 142?
False
Does 3 divide 11?
False
Is 2166 a multiple of 38?
True
Is 3 a factor of 2180?
False
Does 21 divide 5308?
False
Does 10 divide 690?
True
Is 693 a multiple of 9?
True
Is 3952 a multiple of 54?
False
Is 232 a factor of 2088?
True
Does 168 divide 36493?
False
Is 15792 a multiple of 63?
False
Is 3 a factor of 651?
True
Is 6 a factor of 13582?
False
Does 3 divide 822?
True
Does 39 divide 91065?
True
Is 241 a multiple of 4?
False
Is 65 a factor of 4069?
False
Is 1295 a multiple of 89?
False
Is 7065 a multiple of 15?
True
Does 25 divide 26131?
False
Does 48 divide 61?
False
Is 189 a factor of 18275?
False
Does 11 divide 42?
False
Is 4 a factor of 688?
True
Is 13260 a multiple of 34?
True
Does 7 divide 1687?
True
Is 99 a factor of 2139?
False
Does 112 divide 134?
False
Is 17 a factor of 4845?
True
Does 5 divide 67732?
False
Is 20 a factor of 540?
True
Is 1988 a multiple of 14?
True
Is 91806 a multiple of 22?
True
Does 16 divide 332?
False
Does 4 divide 440?
True
Does 9 divide 3168?
True
Is 29 a multiple of 9?
False
Is 2048 a multiple of 64?
True
Does 65 divide 3445?
True
Is 10661 a multiple of 21?
False
Does 12 divide 2852?
False
Is 49 a factor of 50911?
True
Is 4439 a multiple of 22?
False
Does 3 divide 1026?
True
Is 38 a factor of 14706?
True
Does 72 divide 734?
False
Is 11 a factor of 295?
False
Does 16 divide 13111?
False
Is 18 a factor of 4554?
True
Does 18 divide 826?
False
Is 40 a factor of 7379?
False
Is 3153 a multiple of 33?
False
Does 20 divide 35880?
True
Does 9 divide 91?
False
Is 793 a multiple of 61?
True
Is 24 a factor of 552?
True
Does 22 divide 2134?
True
Is 30 a factor of 652?
False
Does 36 divide 468?
True
Does 32 divide 161?
False
Is 128 a factor of 45011?
False
Is 8 a factor of 552?
True
Is 26 a factor of 756?
False
Is 27 a multiple of 2?
False
Does 93 divide 16740?
True
Does 26 divide 1950?
True
Does 143 divide 6468?
False
Is 3 a factor of 489?
True
Does 105 divide 11025?
True
Is 39 a factor of 1145?
False
Is 19 a factor of 1165?
False
Is 3393 a multiple of 13?
True
Is 23 a factor of 179?
